tens digit of -3 + 4 + f + 3?
1
Let j(m) = 967*m - 2539. What is the thousands digit of j(20)?
6
Let q be 10452/8*(4 + 0). Suppose -13302 = -32*b + q. What is the units digit of b?
9
Let x(p) = p - 12. Let y be x(13). Suppose i = 6 - y. What is the tens digit of -3 - (-225)/(i - 2)?
7
Suppose -2462947 = -259*w - 820887. What is the tens digit of w?
4
Let m = -45 - -41. What is the units digit of 710/4 - (-2)/m?
7
Let m(q) be the third derivative of -q**6/15 - q**5/15 + 5*q**4/24 + 5*q**3/6 + 15*q**2. What is the tens digit of m(-4)?
3
Let y be -1 + (2 + -6 - -463) + 2. Suppose -4*n = -y + 108. What is the units digit of n?
8
Suppose -l - 2*l - 4*o = 76, 4*l + 118 = -2*o. Let d = 43 - 62. Let t = d - l. What is the tens digit of t?
1
Let p = -60591 + 91428. What is the hundreds digit of p?
8
What is the ten thousands digit of ((9/18)/(7/(-100840)))/((-6)/21)?
2
Suppose 4*z - 261688 = -5*j, -9*z - 5*j = -11*z + 130844. What is the ten thousands digit of z?
6
Let y(n) = -56*n**3 - 18*n**2 + 25*n - 59. What is the thousands digit of y(-9)?
9
Let w = -205 + 207. Suppose 0 = w*n + x + 2*x - 3043, -4*n - 3*x = -6101. What is the hundreds digit of n?
5
What is the hundreds digit of ((-320)/50)/(60/(-54975))?
8
Suppose 13*x = 17*x. Suppose -2*k + x*c + 1513 = -5*c, 0 = 5*k + 3*c - 3736. What is the units digit of k?
9
Suppose l - 2*v = 2*l - 13546, -2*v - 40654 = -3*l. Suppose -59*d - l = -69*d. What is the tens digit of d?
5
Let c(y) = -7*y**2 - 10*y - 4. Let l be c(-3). Let m = -35 - l. What is the tens digit of 138 + m + 12/6?
4
Suppose 264*p - 14221330 = 7431422. What is the hundreds digit of p?
0
Suppose 7*v - 124 = -1202. What is the hundreds digit of 59/(-2)*v/(0 + 11)?
4
Let v(m) = m**2 - 21*m + 210. Let x be v(7). Suppose -n + 992 = 3*n. Let y = n - x. What is the units digit of y?
6
Let v(t) = t**3 + 60*t**2 - 55*t - 743. What is the tens digit of v(-28)?
8
Let k be (1601 - 3)*(10/(-4))/(-5). Let p = k + 54. Suppose 0 = 7*b + p - 2225. What is the hundreds digit of b?
1
Suppose -47 - 128 = -25*f. Suppose 352 = z - l, f*z - 5*z - l - 699 = 0. What is the tens digit of z?
4
Suppose 0 = 5*p - x - 1016, -p + 4*x - 220 = -2*p. Suppose -p = -6*m + 6. Suppose 2*s = 47 + m. What is the tens digit of s?
4
Suppose -33964 = -4*k - 2*p, 0 = 2*p + 20 - 8. What is the hundreds digit of k?
4
Suppose -111 = 6*q - 3*q. Let u = q - -40. Suppose 11 = 3*w + 4*h, 0*w + u*h - 2 = -w. What is the units digit of w?
5
Let s(f) = -f**3 + 15*f**2 + 15*f + 9. Let a be s(16). Let l = a + 9. Let k(u) = 3*u**3 - u**2 + 3*u - 3. What is the units digit of k(l)?
3
Let j(q) = 5*q**2 + 383*q - 198. What is the thousands digit of j(-80)?
1
Suppose -2*n + 60*s - 57*s = -15710, 0 = 4*n + 4*s - 31420. What is the units digit of n?
5
Let w be (3 + 60/(-18))*-8079. Let g = 4194 - w. What is the tens digit of g?
0
What is the hundreds digit of (-8)/28 + 14472/84?
1
Let f be (-16)/(-12) - (-35)/2*40/150. Let b(n) = 758*n**3 + 2*n**2 - n. Let m be b(1). Suppose 3*p - m = x, x = -p + f*x + 267. What is the units digit of p?
2
Let m = 4525 - -3823. What is the hundreds digit of m?
3
Let d(z) = z**2 - 17*z + 60. Let x be d(12). Suppose 5*k - 660 = -x*m - m, -3*k = -m + 628. What is the units digit of m?
0
Let b be (-3)/12 + (-177)/(-4). Let d be (-15 - (-1496)/48)/(-1*1/(-6)). Let j = d - b. What is the units digit of j?
3
What is the hundreds digit of 7026/(-8)*(209/33 + -9)?
3
Let i(l) = 1360*l - 693. What is the tens digit of i(2)?
2
Let o(r) = -r**3 + 2*r**2 - 2*r + 4. Let z be o(0). Suppose -5120 = -3*v - 2*v + 3*i, 0 = -z*i. What is the thousands digit of v?
1
Let s(c) = -6*c - 38. Let q be s(-25). Suppose -108*b = -q*b + 1076. What is the tens digit of b?
6
Let n be 79/2*6 + 1. Suppose -1573 = -5*t - n. What is the hundreds digit of t?
2
Let w = 36324 + -19686. What is the ten thousands digit of w?
1
Suppose 4*w = -3*w - 49. Let v(m) = -13*m + 11. Let f be v(w). Suppose -8*g + 98 = -f. What is the units digit of g?
5
Let m = 100 - 64. Suppose -28 = -4*f - 3*h, 2*h - m = -5*f - 2*h. Suppose -f*x = -14 + 6. What is the units digit of x?
2
Let b(a) = 2205*a + 4541. What is the hundreds digit of b(3)?
1
Suppose 2*i - 19*i + 2100996 = 34*i. What is the hundreds digit of i?
1
Let j(l) = 187*l**2 + 256*l + 42. What is the hundreds digit of j(6)?
3
Let l(q) = -3*q**3 - 4*q**2 - 6*q - 7. Let z be ((-35)/42)/(3/18). What is the hundreds digit of l(z)?
2
Let q be ((-51)/21 - -3)/(8/28). What is the tens digit of q + -5*(-745)/(-25)*-4?
9
Suppose -43 = 23*x - 10922. Suppose -y - x = -u + 2*y, -u + 5*y = -471. What is the units digit of u?
6
Let c be 1/7*2 - 138/(-7). Suppose 0 = c*n - 15*n + 105. What is the tens digit of (12/n)/(2/(-203))?
5
Suppose -4*p - 162972 = -22*p. What is the thousands digit of p?
9
Suppose -31*m + 132368 + 241306 = 0. What is the thousands digit of m?
2
Let j = -293 - -336. Let w(h) = -h**2 + 44*h - 24. What is the tens digit of w(j)?
1
Suppose 41*y = j + 38*y - 1933, -2*j = 5*y - 3822. What is the thousands digit of j?
1
Let t = 38947 + -22636. What is the hundreds digit of t?
3
Let t = -12931 - -13338. What is the hundreds digit of t?
4
What is the tens digit of -13*(-15)/390*11962?
8
Suppose f = 5*u + 3105, -51*f + 49*f + 5*u = -6210. What is the hundreds digit of f?
1
Suppose 4117 = 5*d + 1557. Suppose h + 3*c + d = 3*h, -3*h = 2*c - 768. What is the hundreds digit of h?
2
Let k = -160 - -163. What is the units digit of 4 - ((-9 - (4 + -9)) + k)?
5
Let i(u) = -u**3 - 7*u**2 - 11*u + 4. Let x be i(-11). Let d = 756 - x. What is the hundreds digit of d?
1
Let i(b) = 2*b + 43. Let o be i(-11). Let l(s) = 2*s - 42. Let x be l(o). Suppose -d + 219 = -0*d - z, d - 4*z - 225 = x. What is the tens digit of d?
1
Suppose -1165 - 1467 = -4*z. Let m = 1056 - z. What is the hundreds digit of m?
3
Let h(m) = 2*m**3 + 31*m**2 + 17*m + 32. Let d be h(-15). Suppose -i - 5*j = -679 + 171, -j = d. What is the tens digit of i?
1
Let s(h) = 5*h + 43. Let z be s(-8). Suppose d - 120 = -c, -5*c - 62 = -z*d + 282. What is the units digit of d?
8
Suppose 4*r = 24 - 4, -y - 3*r + 144 = 0. Suppose -7*s + 46 + y = 0. What is the tens digit of s?
2
Let b(r) = 130*r**2 + 24*r + 58. What is the hundreds digit of b(5)?
4
Let w be ((-4)/(-22))/(-1) + 2/11. Suppose 1362 = 4*r + 3*j, -4*r + 4*j + 1348 = -w*r. What is the tens digit of r?
3
Let q(r) = -2*r**2 + 2*r - 4. Let w be q(3). Let o = w + 21. Suppose 3*s = -5*z + 112 - 43, 0 = o*s + 4*z - 115. What is the tens digit of s?
2
Let f(w) = 3025*w**2 + 3*w - 1. Let g be f(-1). Suppose 3*x = 15, -6*x = -2*v - 3*x + g. Suppose 3*b - v = -3*b. What is the tens digit of b?
5
Let n = -62 - -65. Suppose 10 - 61 = -n*q. Suppose 18*i - 64 = q*i. What is the units digit of i?
4
Let u be 2 + 78/(-42) + 16/(-14). What is the units digit of (4*1)/(u + 288/286)?
2
Suppose 77*v = -261*v + 5231621 + 2986849. What is the units digit of v?
5
Suppose 149 = a - 147. Let m = 6 + a. What is the hundreds digit of m?
3
Let p(o) = o**3 + 7*o**2 + 3*o - 16. Let d be p(-6). Let x be 7/(147/2190) - d/7. Suppose -5*b = -s + 16, 2*b = 5*s + b - x. What is the units digit of s?
1
Suppose -w - k + 4594 = 0, -2*k - 5049 = -5*w + 17893. What is the thousands digit of w?
4
Let r = -50 - -56. Let h = r - 2. Suppose 3*s - 317 = -f - 13, -4*s = -h*f - 400. What is the units digit of s?
1
Let r be 2/12 + (2562/(-36) - 1). Let o = r - -90. What is the hundreds digit of (-470)/(-4) + 9/o?
1
Let z = 73037 + -45685. What is the thousands digit of z?
7
Suppose d = -5*d + 570. Let u(q) = -8*q - d*q**2 + 47*q**2 - 26 + 40*q**2 - q**3. What is the tens digit of u(-8)?
3
Let x(f) = 85*f - 96. Let d(o) = -o**3 + 3*o**2 + 70*o + 16. Let l be d(10). What is the thousands digit of x(l)?
1
Let z = -6345 - -6494. Suppose 0 = 5*l + 3 - 13. Suppose 0 = l*c + 3*g - z, 0 = -c - 0*g + 4*g + 69. What is the tens digit of c?
7
Let n(b) = -b**3 + 27*b**2 - 10*b + 2. What is the thousands digit of n(20)?
2
Suppose -5*h = 39430 - 344650. Suppose -h + 8922 = -42*u. What is the hundreds digit of u?
2
Suppose -2376 + 6984 = 6*q. What is the units digit of (q/10)/(-4 - (-63)/15)?
4
Suppose 93*f + 54901 = 170*f. What is the tens digit of f?
1
Let u be 2/(56/172) - 2/14. Suppose -u*m + 2093 = m. What is the h